{"id":4,"date":"2018-03-12T14:25:15","date_gmt":"2018-03-12T13:25:15","guid":{"rendered":"http:\/\/2018.hoenninger-wohnbau.de\/test-loremstrasse\/?page_id=4"},"modified":"2026-02-03T15:26:26","modified_gmt":"2026-02-03T14:26:26","slug":"start","status":"publish","type":"page","link":"https:\/\/alto30.de\/wohnen-in-aubing\/","title":{"rendered":"Startseite Alto 30 wohnen in Aubing"},"content":{"rendered":"\n<div class=\"wp-block-cover alignfull is-light\" style=\"min-height:750px;aspect-ratio:unset;\"><span aria-hidden=\"true\" class=\"wp-block-cover__background has-background-dim\"><\/span><img loading=\"lazy\" decoding=\"async\" width=\"2000\" height=\"1498\" class=\"wp-block-cover__image-background wp-image-673\" alt=\"\" src=\"https:\/\/alto30.de\/wohnen-in-aubing\/wp-content\/uploads\/sites\/6\/2022\/10\/cam_drohne_002_web_1.jpg\" data-object-fit=\"cover\" srcset=\"https:\/\/alto30.de\/wohnen-in-aubing\/wp-content\/uploads\/sites\/6\/2022\/10\/cam_drohne_002_web_1.jpg 2000w, https:\/\/alto30.de\/wohnen-in-aubing\/wp-content\/uploads\/sites\/6\/2022\/10\/cam_drohne_002_web_1-300x225.jpg 300w, https:\/\/alto30.de\/wohnen-in-aubing\/wp-content\/uploads\/sites\/6\/2022\/10\/cam_drohne_002_web_1-1024x767.jpg 1024w, https:\/\/alto30.de\/wohnen-in-aubing\/wp-content\/uploads\/sites\/6\/2022\/10\/cam_drohne_002_web_1-768x575.jpg 768w, https:\/\/alto30.de\/wohnen-in-aubing\/wp-content\/uploads\/sites\/6\/2022\/10\/cam_drohne_002_web_1-1536x1150.jpg 1536w, https:\/\/alto30.de\/wohnen-in-aubing\/wp-content\/uploads\/sites\/6\/2022\/10\/cam_drohne_002_web_1-1367x1024.jpg 1367w\" sizes=\"(max-width: 2000px) 100vw, 2000px\" \/><div class=\"wp-block-cover__inner-container is-layout-flow wp-block-cover-is-layout-flow\">\n<a id=\"jetzt-kaufen\" href=\"#jetzt-kaufen\" style=\"position: absolute; top: 0; left:0; width:100%; display:block; text-align:center;\"><span style=\"background-color: #0060a8; color: #fff; font-size: 2.2em; padding: 0.2em 0.6em; box-sizing: border-box; display: inline-block;\">Jetzt kaufen, sp\u00e4ter zahlen<\/span><\/a>\n<style>\n@media screen and (max-width: 640px) {\n#jetzt-kaufen { font-size: 0.7em; }\n}\n@media screen and (max-width: 420px) {\n#jetzt-kaufen { font-size: 0.55em; position: relative !important;}\n}\n<\/style>\n\n\n<div class=\"wp-block-image is-resized\">\n<figure class=\"aligncenter size-full\"><img loading=\"lazy\" decoding=\"async\" width=\"353\" height=\"363\" src=\"https:\/\/alto30.de\/wohnen-in-aubing\/wp-content\/uploads\/sites\/6\/2024\/10\/Aubing-Wappennachbau_v03-3.png\" alt=\"\" class=\"wp-image-706\" style=\"width:201px\" srcset=\"https:\/\/alto30.de\/wohnen-in-aubing\/wp-content\/uploads\/sites\/6\/2024\/10\/Aubing-Wappennachbau_v03-3.png 353w, https:\/\/alto30.de\/wohnen-in-aubing\/wp-content\/uploads\/sites\/6\/2024\/10\/Aubing-Wappennachbau_v03-3-292x300.png 292w\" sizes=\"(max-width: 353px) 100vw, 353px\" \/><\/figure><\/div>\n\n\n<p class=\"has-text-align-center has-white-75-color has-text-color has-link-color wp-elements-25c4e25c0631268aafe137a59dd39574\" style=\"font-size:24px\"><strong>Provisionsfrei direkt vom Bautr\u00e4ger<\/strong><\/p>\n\n\n\n<h1 class=\"wp-block-heading has-text-align-center has-white-75-color has-text-color has-link-color wp-elements-d39d2d91c3a767e291fe38c3dc67d049\"><strong>Wohnen im historischen Ortskern von M\u00fcnchen-Aubing<\/strong><\/h1>\n\n\n\n<p class=\"has-text-align-center has-white-75-color has-text-color has-link-color wp-elements-cd604c5a030623fe2cfe630a638c20d9\" style=\"font-size:24px\"><strong>22 hochwertige Wohnungen und 5 stilvolle Reihenh\u00e4user<\/strong><\/p>\n\n\n\n<div class=\"wp-block-buttons is-content-justification-center is-layout-flex wp-container-core-buttons-is-layout-1 wp-block-buttons-is-layout-flex\">\n<div class=\"wp-block-button\"><a class=\"wp-block-button__link has-col-blau-background-color has-background wp-element-button\" href=\"https:\/\/alto30.de\/wohnen-in-aubing\/formular-aubing\/\"><strong>Jetzt ausf\u00fchrliches Expos\u00e9 erhalten<\/strong><\/a><\/div>\n<\/div>\n<\/div><\/div>\n\n\n\n<div class=\"wp-block-media-text alignfull has-media-on-the-right is-stacked-on-mobile\"><div class=\"wp-block-media-text__content\">\n<p class=\"has-col-blau-color has-text-color has-large-font-size\"><strong>Willkommen im Dorfkern von Aubing \u2013 zwischen beschaulicher Idylle und pulsierendem Gro\u00dfstadtleben.<\/strong><\/p>\n\n\n\n<p class=\"has-regular-font-size\">Immer mehr Menschen, die in der Isar-Metropole auf der Suche nach einem Zuhause sind, zieht es in den aufstrebenden M\u00fcnchner Westen. Insbesondere Aubing hat sich als lebenswerter Wohnstandort etabliert \u2013 zwischen beschaulicher Idylle und pulsierendem Gro\u00dfstadtleben. Kommen Sie mit auf einen Rundgang durch das besonders auch bei Familien mit Kindern beliebte Aubing \u2013 ein Neubauprojekt in der Planung schafft den passenden Wohnraum f\u00fcr vielf\u00e4ltige Anspr\u00fcche.<\/p>\n\n\n\n<div class=\"wp-block-buttons is-layout-flex wp-block-buttons-is-layout-flex\">\n<div class=\"wp-block-button\"><a class=\"wp-block-button__link has-col-blau-background-color has-background wp-element-button\" href=\"https:\/\/alto30.de\/wohnen-in-aubing\/formular-aubing\/\"><strong>Hier f\u00fcr vollst\u00e4ndiges Expos\u00e9 klicken<\/strong><\/a><\/div>\n<\/div>\n<\/div><figure class=\"wp-block-media-text__media\"><img decoding=\"async\" src=\"https:\/\/alto30.de\/reihenhaus\/wp-content\/uploads\/sites\/5\/2022\/10\/cam_drohne_001_web_1-1024x767.jpg\" alt=\"\" class=\"wp-image-699 size-full\"\/><\/figure><\/div>\n\n\n\n<div class=\"wp-block-media-text alignfull is-stacked-on-mobile\"><figure class=\"wp-block-media-text__media\"><img loading=\"lazy\" decoding=\"async\" width=\"1024\" height=\"604\" src=\"https:\/\/alto30.de\/wohnen-in-aubing\/wp-content\/uploads\/sites\/6\/2024\/10\/Alto30-Aubing-Lage-1024x604.jpg\" alt=\"\" class=\"wp-image-717 size-full\" srcset=\"https:\/\/alto30.de\/wohnen-in-aubing\/wp-content\/uploads\/sites\/6\/2024\/10\/Alto30-Aubing-Lage-1024x604.jpg 1024w, https:\/\/alto30.de\/wohnen-in-aubing\/wp-content\/uploads\/sites\/6\/2024\/10\/Alto30-Aubing-Lage-300x177.jpg 300w, https:\/\/alto30.de\/wohnen-in-aubing\/wp-content\/uploads\/sites\/6\/2024\/10\/Alto30-Aubing-Lage-768x453.jpg 768w, https:\/\/alto30.de\/wohnen-in-aubing\/wp-content\/uploads\/sites\/6\/2024\/10\/Alto30-Aubing-Lage.jpg 1508w\" sizes=\"(max-width: 1024px) 100vw, 1024px\" \/><\/figure><div class=\"wp-block-media-text__content\">\n<p class=\"has-col-blau-color has-text-color has-large-font-size\"><strong>Historisches Wohnen in Aubing: L\u00e4ndlicher Charme mit bester Anbindung an M\u00fcnchen.<\/strong><\/p>\n\n\n\n<p class=\"has-regular-font-size\">Aubing vereint naturnahe Idylle, Familienfreundlichkeit und eine perfekte Anbindung an M\u00fcnchen: In 20 Minuten ist man per S-Bahn am Marienplatz, und Pasing mit den Pasing Arcaden ist schnell erreichbar. Der charmante Ortskern mit historischen Bauwerken wie der Pfarrkirche St. Quirin und dem Aubinger Wasserturm bietet l\u00e4ndliches Flair. Das Erholungsgebiet Aubinger Lohe und der Langwieder See laden zu Aktivit\u00e4ten im Gr\u00fcnen ein. Kulturelles Highlight ist das Bergson Kunstkraftwerk, das mit Konzerten, Ausstellungen und gehobener Gastronomie f\u00fcr abwechslungsreiche Erlebnisse sorgt.<\/p>\n\n\n\n<div class=\"wp-block-buttons is-layout-flex wp-block-buttons-is-layout-flex\">\n<div class=\"wp-block-button\"><a class=\"wp-block-button__link has-col-blau-background-color has-background wp-element-button\" href=\"https:\/\/alto30.de\/wohnen-in-aubing\/formular-aubing\/\"><strong>Hier f\u00fcr vollst\u00e4ndiges Expos\u00e9 klicken<\/strong><\/a><\/div>\n<\/div>\n<\/div><\/div>\n\n\n\n<div class=\"wp-block-media-text alignfull has-media-on-the-right is-stacked-on-mobile\"><div class=\"wp-block-media-text__content\">\n<p class=\"has-col-blau-color has-text-color has-large-font-size\"><strong>Energieeffiziente Bauweise f\u00fcr h\u00f6chste Lebensqualit\u00e4t<\/strong>.<\/p>\n\n\n\n<p class=\"has-regular-font-size\">Zentral gelegen und eingebettet in ein gro\u00dfz\u00fcgiges Grundst\u00fcck entsteht ein Wohnprojekt, das Geschichte und Natur harmonisch vereint. Die Geb\u00e4udegruppe aus drei H\u00e4usern \u2013 eine Reihenhausanlage und zwei Mehrfamilienh\u00e4user \u2013 bietet 27 exklusive Wohneinheiten, ausgestattet mit gro\u00dfz\u00fcgigen G\u00e4rten, Balkonen oder Dachterrassen. <\/p>\n\n\n\n<p class=\"has-regular-font-size\">Modernste Bauweise nach dem Standard \u201eGEG 40 EE&#8220; garantiert Energieeffizienz: Eine Grundwasserw\u00e4rmepumpe sorgt f\u00fcr CO2-sparende W\u00e4rme, w\u00e4hrend die Vorbereitung f\u00fcr Photovoltaik-Anlagen gemeinschaftlich genutzte, nachhaltige Stromerzeugung erm\u00f6glicht.<\/p>\n\n\n\n<p class=\"has-regular-font-size\">Neben hochwertigen Materialien und Fu\u00dfbodenheizung erwartet Sie eine umfassende technische Ausstattung: Loxone Smart Home, Ladestationen f\u00fcr Elektrofahrzeuge und Fahrradstellpl\u00e4tze mit Ladeoption runden das Konzept ab.<\/p>\n\n\n\n<p class=\"has-regular-font-size\">Genie\u00dfen Sie Wohnqualit\u00e4t auf h\u00f6chstem Niveau in einer autofreien, gr\u00fcnen Umgebung \u2013 der perfekte R\u00fcckzugsort, der Sie zugleich mit dem pulsierenden Ortskern verbindet. Fertigstellung Ende 2026.<\/p>\n\n\n\n<div class=\"wp-block-buttons is-layout-flex wp-block-buttons-is-layout-flex\">\n<div class=\"wp-block-button\"><a class=\"wp-block-button__link has-col-blau-background-color has-background wp-element-button\" href=\"https:\/\/alto30.de\/wohnen-in-aubing\/formular-aubing\/\"><strong>Hier f\u00fcr vollst\u00e4ndiges Expos\u00e9 klicken<\/strong><\/a><\/div>\n<\/div>\n<\/div><figure class=\"wp-block-media-text__media\"><img loading=\"lazy\" decoding=\"async\" width=\"1024\" height=\"682\" src=\"https:\/\/alto30.de\/wohnen-in-aubing\/wp-content\/uploads\/sites\/6\/2022\/10\/cam_aussen_001_web_1-1024x682.jpg\" alt=\"\" class=\"wp-image-668 size-full\" srcset=\"https:\/\/alto30.de\/wohnen-in-aubing\/wp-content\/uploads\/sites\/6\/2022\/10\/cam_aussen_001_web_1-1024x682.jpg 1024w, https:\/\/alto30.de\/wohnen-in-aubing\/wp-content\/uploads\/sites\/6\/2022\/10\/cam_aussen_001_web_1-300x200.jpg 300w, https:\/\/alto30.de\/wohnen-in-aubing\/wp-content\/uploads\/sites\/6\/2022\/10\/cam_aussen_001_web_1-768x512.jpg 768w, https:\/\/alto30.de\/wohnen-in-aubing\/wp-content\/uploads\/sites\/6\/2022\/10\/cam_aussen_001_web_1-1536x1024.jpg 1536w, https:\/\/alto30.de\/wohnen-in-aubing\/wp-content\/uploads\/sites\/6\/2022\/10\/cam_aussen_001_web_1.jpg 2000w\" sizes=\"(max-width: 1024px) 100vw, 1024px\" \/><\/figure><\/div>\n\n\n\n<div class=\"wp-block-media-text alignfull is-stacked-on-mobile\"><figure class=\"wp-block-media-text__media\"><img decoding=\"async\" src=\"https:\/\/alto30.de\/reihenhaus\/wp-content\/uploads\/sites\/5\/2022\/10\/cam_innen_H2.W03.E04_web_1-1024x682.jpg\" alt=\"\" class=\"wp-image-702 size-full\"\/><\/figure><div class=\"wp-block-media-text__content\">\n<p class=\"has-col-blau-color has-text-color has-large-font-size\"><strong><strong>22 exklusive Eigentumswohnungen mit Tiefgarage<\/strong><\/strong><\/p>\n\n\n\n<p class=\"has-regular-font-size\">Unsere 22 Eigentumswohnungen bieten 2- bis 4-Zimmer-Einheiten mit Fl\u00e4chen von ca. 40 bis 200 m\u00b2, teils mit gro\u00dfz\u00fcgigen Privatg\u00e4rten im Erdgeschoss oder beeindruckenden Emporen im Dachgeschoss. Die Wohnungen sind modern ausgestattet, energieeffizient gebaut und durchdacht gestaltet, um h\u00f6chsten Wohnkomfort zu gew\u00e4hrleisten. Ein ideales Zuhause f\u00fcr alle, die Wert auf Qualit\u00e4t und Nachhaltigkeit legen.<\/p>\n\n\n\n<div class=\"wp-block-buttons is-layout-flex wp-block-buttons-is-layout-flex\">\n<div class=\"wp-block-button\"><a class=\"wp-block-button__link has-col-blau-background-color has-background wp-element-button\" href=\"https:\/\/alto30.de\/wohnen-in-aubing\/formular-aubing\/\"><strong>Ausf\u00fchrliches Expos\u00e9 erhalten<\/strong><\/a><\/div>\n<\/div>\n<\/div><\/div>\n\n\n\n<div class=\"wp-block-media-text alignfull has-media-on-the-right is-stacked-on-mobile\"><div class=\"wp-block-media-text__content\">\n<p class=\"has-col-blau-color has-text-color has-large-font-size\"><strong><strong>5 stilvolle Reihenh\u00e4user mit Tiefgarage<\/strong><\/strong><\/p>\n\n\n\n<p class=\"has-regular-font-size\">Unsere 5 exklusiven Reihenh\u00e4user mit Wohnfl\u00e4chen von ca. 50 bis 170 m\u00b2 und Gartenfl\u00e4chen von rund 130 m\u00b2 bieten modernes Wohnen auf vier Etagen (UG, EG, OG, DG). Mit hochwertigen Materialien und durchdachten Grundrissen schaffen sie Raum f\u00fcr individuelle Gestaltung und hohen Wohnkomfort. Jedes Haus verf\u00fcgt \u00fcber einen eigenen Tiefgaragenstellplatz f\u00fcr nachhaltiges und zeitgem\u00e4\u00dfes Wohnen.<\/p>\n\n\n\n<div class=\"wp-block-buttons is-layout-flex wp-block-buttons-is-layout-flex\">\n<div class=\"wp-block-button\"><a class=\"wp-block-button__link has-col-blau-background-color has-background wp-element-button\" href=\"https:\/\/alto30.de\/wohnen-in-aubing\/formular-aubing\/\"><strong>Expos\u00e9 erhalten<\/strong><\/a><\/div>\n<\/div>\n<\/div><figure class=\"wp-block-media-text__media\"><img decoding=\"async\" src=\"https:\/\/alto30.de\/reihenhaus\/wp-content\/uploads\/sites\/5\/2022\/10\/cam_innen_H3.W09.D02_002_web_1-1024x682.jpg\" alt=\"\" class=\"wp-image-704 size-full\"\/><\/figure><\/div>\n\n\n\n<div class=\"wp-block-media-text alignfull is-stacked-on-mobile\" id=\"jetzt-kaufen\"><figure class=\"wp-block-media-text__media\"><img loading=\"lazy\" decoding=\"async\" width=\"1024\" height=\"682\" src=\"https:\/\/alto30.de\/wohnen-in-aubing\/wp-content\/uploads\/sites\/6\/2025\/09\/ALTO30_03-1024x682.jpg\" alt=\"\" class=\"wp-image-764 size-full\" srcset=\"https:\/\/alto30.de\/wohnen-in-aubing\/wp-content\/uploads\/sites\/6\/2025\/09\/ALTO30_03-1024x682.jpg 1024w, https:\/\/alto30.de\/wohnen-in-aubing\/wp-content\/uploads\/sites\/6\/2025\/09\/ALTO30_03-300x200.jpg 300w, https:\/\/alto30.de\/wohnen-in-aubing\/wp-content\/uploads\/sites\/6\/2025\/09\/ALTO30_03-768x512.jpg 768w, https:\/\/alto30.de\/wohnen-in-aubing\/wp-content\/uploads\/sites\/6\/2025\/09\/ALTO30_03-1536x1024.jpg 1536w, https:\/\/alto30.de\/wohnen-in-aubing\/wp-content\/uploads\/sites\/6\/2025\/09\/ALTO30_03.jpg 2000w\" sizes=\"(max-width: 1024px) 100vw, 1024px\" \/><\/figure><div class=\"wp-block-media-text__content\">\n<p class=\"has-col-blau-color has-text-color has-large-font-size\"><strong><strong>Jetzt kaufen, sp\u00e4ter zahlen<\/strong><\/strong><\/p>\n\n\n\n<p class=\"has-regular-font-size\">Sichern Sie sich Ihre Traumimmobilie jetzt, und zahlen Sie erst bei Fertigstellung! \u2028Sie k\u00f6nnen u.a. von folgenden Vorteilen profitieren:<br>&nbsp;<br>\u2022 Fr\u00fchzeitiger Zugriff auf die besten Einheiten<br>\u2022 Keine Finanzierungskosten bis zur \u00dcbergabe<br>\u2022 Volle Planungssicherheit ab Kauf<br>\u2022 Sonderw\u00fcnsche? Kein Problem! Diese k\u00f6nnen sofort ber\u00fccksichtigt werden<br>\u2022 Unsere umfassende Kundenbetreuung&nbsp;w\u00e4hrend der gesamten Bauzeit<br>&nbsp;<br>Der Bau hat bereits begonnen und auf dem Grundst\u00fcck geht es in gro\u00dfen Schritten vorw\u00e4rts \u2013 also ein perfekter Zeitpunkt, um sich Ihre bevorzugte Einheit zu sichern, bevor andere es tun.<\/p>\n\n\n\n<div class=\"wp-block-buttons is-layout-flex wp-block-buttons-is-layout-flex\">\n<div class=\"wp-block-button\"><a class=\"wp-block-button__link has-col-blau-background-color has-background wp-element-button\" href=\"https:\/\/alto30.de\/wohnen-in-aubing\/formular-aubing\/\"><strong>Ausf\u00fchrliches Expos\u00e9 erhalten<\/strong><\/a><\/div>\n<\/div>\n<\/div><\/div>\n\n\n\n<div class=\"wp-block-ma-blocks-block-ma-section alignfull no_margin has-text-color has-background has-col-light-gray-color has-col-blau-background-color\"><div class=\"ma-section-content\">\n<div class=\"wp-block-columns is-layout-flex wp-container-core-columns-is-layout-1 wp-block-columns-is-layout-flex\">\n<div class=\"wp-block-column is-layout-flow wp-block-column-is-layout-flow\" style=\"flex-basis:20%\"><\/div>\n\n\n\n<div class=\"wp-block-column is-layout-flow wp-block-column-is-layout-flow\" style=\"flex-basis:60%\">\n<h1 class=\"wp-block-heading\">Wie immer k\u00f6nnen Sie auch bei diesem Projekt viel von uns erwarten<\/h1>\n\n\n\n<p>Insgesamt einen hohen Qualit\u00e4tsanspruch, ausgew\u00e4hlte Ausstattungsmaterialien, modernste Bautechnik, auch barrierefreies Wohnen, GEG Effizienzhaus, einen \u00f6kologischen Ansatz und nicht zuletzt eine \u00fcber Jahrzehnte bew\u00e4hrte und verl\u00e4ssliche Bauausf\u00fchrung aus dem Hause H\u00f6nninger.<\/p>\n\n\n\n<div class=\"wp-block-buttons is-layout-flex wp-block-buttons-is-layout-flex\">\n<div class=\"wp-block-button\"><a class=\"wp-block-button__link has-col-blau-color has-col-light-gray-background-color has-text-color has-background wp-element-button\" href=\"https:\/\/alto30.de\/wohnen-in-aubing\/formular-aubing\/\"><strong>Zugang zum Expos\u00e9<\/strong><\/a><\/div>\n<\/div>\n<\/div>\n\n\n\n<div class=\"wp-block-column is-layout-flow wp-block-column-is-layout-flow\" style=\"flex-basis:20%\"><\/div>\n<\/div>\n<\/div><\/div>\n\n\n\n<p><\/p>\n","protected":false},"excerpt":{"rendered":"","protected":false},"author":2,"featured_media":0,"parent":0,"menu_order":0,"comment_status":"closed","ping_status":"closed","template":"","meta":{"wp_mapbox_gl_js_media":[],"footnotes":""},"class_list":["post-4","page","type-page","status-publish","hentry","post_content"],"_links":{"self":[{"href":"https:\/\/alto30.de\/wohnen-in-aubing\/wp-json\/wp\/v2\/pages\/4"}],"collection":[{"href":"https:\/\/alto30.de\/wohnen-in-aubing\/wp-json\/wp\/v2\/pages"}],"about":[{"href":"https:\/\/alto30.de\/wohnen-in-aubing\/wp-json\/wp\/v2\/types\/page"}],"author":[{"embeddable":true,"href":"https:\/\/alto30.de\/wohnen-in-aubing\/wp-json\/wp\/v2\/users\/2"}],"replies":[{"embeddable":true,"href":"https:\/\/alto30.de\/wohnen-in-aubing\/wp-json\/wp\/v2\/comments?post=4"}],"version-history":[{"count":109,"href":"https:\/\/alto30.de\/wohnen-in-aubing\/wp-json\/wp\/v2\/pages\/4\/revisions"}],"predecessor-version":[{"id":775,"href":"https:\/\/alto30.de\/wohnen-in-aubing\/wp-json\/wp\/v2\/pages\/4\/revisions\/775"}],"wp:attachment":[{"href":"https:\/\/alto30.de\/wohnen-in-aubing\/wp-json\/wp\/v2\/media?parent=4"}],"curies":[{"name":"wp","href":"https:\/\/api.w.org\/{rel}","templated":true}]}}